{"id":75,"date":"2019-12-02T20:57:06","date_gmt":"2019-12-02T20:57:06","guid":{"rendered":"https:\/\/kantorjanosi.reformatus.hu\/iskola\/?page_id=75"},"modified":"2019-12-02T20:57:15","modified_gmt":"2019-12-02T20:57:15","slug":"elsosok-csaladi-vasarnapja-2019","status":"publish","type":"page","link":"https:\/\/kantorjanosi.reformatus.hu\/iskola\/elsosok-csaladi-vasarnapja-2019\/","title":{"rendered":"Els\u0151s\u00f6k csal\u00e1di vas\u00e1rnapja &#8211; 2019"},"content":{"rendered":"\n<p>A K\u00e1ntorj\u00e1nosi Reform\u00e1tus \u00c1ltal\u00e1nos Iskola els\u0151 hagyom\u00e1nyai k\u00f6z\u00e9 ker\u00fclt, hogy minden di\u00e1k, a tan\u00e9v sor\u00e1n egyszer l\u00e1togassa meg a fenntart\u00f3 gy\u00fclekezetet egy szolg\u00e1lat keret\u00e9ben. <\/p>\n\n\n\n<p>A legels\u0151 ilyen Csal\u00e1di Vas\u00e1rnapi szolg\u00e1latot az els\u0151 oszt\u00e1lyos tanul\u00f3k nyitott\u00e1k, akik r\u00e1hangolt\u00e1k a gy\u00fclekezetet az Adventre. Az Istentiszteleten Csonka J\u00f3zsef seg\u00e9dlelk\u00e9sz hirdette Isten Ig\u00e9j\u00e9t a M\u00e1t\u00e9 22,37-40 alapj\u00e1n.<\/p>\n\n\n\n<p><br>A kicsik lelkesed\u00e9se, b\u00e1tors\u00e1ga \u00e9s felk\u00e9sz\u00fclts\u00e9ge dics\u00e9retet \u00e9rdemel. <br>K\u00f6sz\u00f6nettel tartozunk Alexa Nagy Beatrix \u00e9s Vezendi Ilona tan\u00edt\u00f3knak, tov\u00e1bb\u00e1 Sz\u0171csn\u00e9 Kerezsi N\u00f3ra pedag\u00f3giai asszisztensnek a gyermekek felk\u00e9sz\u00edt\u00e9s\u00e9\u00e9rt, tov\u00e1bb\u00e1 a sz\u00fcl\u0151knek a szolg\u00e1latban val\u00f3 r\u00e9szv\u00e9tel\u00e9rt. <\/p>\n\n\n\n<figure class=\"wp-block-image size-large\"><img loading=\"lazy\" decoding=\"async\" width=\"1024\" height=\"683\" src=\"https:\/\/kantorjanosi.reformatus.hu\/iskola\/wp-content\/uploads\/sites\/2\/2019\/12\/76995868_1462770057221775_4168843232005849088_o-1024x683.jpg\" alt=\"\" class=\"wp-image-76\" srcset=\"https:\/\/kantorjanosi.reformatus.hu\/iskola\/wp-content\/uploads\/sites\/2\/2019\/12\/76995868_1462770057221775_4168843232005849088_o-1024x683.jpg 1024w, https:\/\/kantorjanosi.reformatus.hu\/iskola\/wp-content\/uploads\/sites\/2\/2019\/12\/76995868_1462770057221775_4168843232005849088_o-300x200.jpg 300w, https:\/\/kantorjanosi.reformatus.hu\/iskola\/wp-content\/uploads\/sites\/2\/2019\/12\/76995868_1462770057221775_4168843232005849088_o-768x512.jpg 768w, https:\/\/kantorjanosi.reformatus.hu\/iskola\/wp-content\/uploads\/sites\/2\/2019\/12\/76995868_1462770057221775_4168843232005849088_o-1536x1024.jpg 1536w, https:\/\/kantorjanosi.reformatus.hu\/iskola\/wp-content\/uploads\/sites\/2\/2019\/12\/76995868_1462770057221775_4168843232005849088_o.jpg 1728w\" sizes=\"(max-width: 1024px) 100vw, 1024px\" \/><\/figure>\n","protected":false},"excerpt":{"rendered":"<p>A K\u00e1ntorj\u00e1nosi Reform\u00e1tus \u00c1ltal\u00e1nos Iskola els\u0151 hagyom\u00e1nyai k\u00f6z\u00e9 ker\u00fclt, hogy minden di\u00e1k, a tan\u00e9v sor\u00e1n egyszer l\u00e1togassa meg a fenntart\u00f3 gy\u00fclekezetet egy szolg\u00e1lat keret\u00e9ben. A legels\u0151 ilyen Csal\u00e1di Vas\u00e1rnapi szolg\u00e1latot az els\u0151 oszt\u00e1lyos tanul\u00f3k nyitott\u00e1k, akik r\u00e1hangolt\u00e1k a gy\u00fclekezetet az [&hellip;]<\/p>\n","protected":false},"author":1,"featured_media":0,"parent":0,"menu_order":0,"comment_status":"closed","ping_status":"closed","template":"","meta":{"footnotes":""},"_links":{"self":[{"href":"https:\/\/kantorjanosi.reformatus.hu\/iskola\/wp-json\/wp\/v2\/pages\/75"}],"collection":[{"href":"https:\/\/kantorjanosi.reformatus.hu\/iskola\/wp-json\/wp\/v2\/pages"}],"about":[{"href":"https:\/\/kantorjanosi.reformatus.hu\/iskola\/wp-json\/wp\/v2\/types\/page"}],"author":[{"embeddable":true,"href":"https:\/\/kantorjanosi.reformatus.hu\/iskola\/wp-json\/wp\/v2\/users\/1"}],"replies":[{"embeddable":true,"href":"https:\/\/kantorjanosi.reformatus.hu\/iskola\/wp-json\/wp\/v2\/comments?post=75"}],"version-history":[{"count":2,"href":"https:\/\/kantorjanosi.reformatus.hu\/iskola\/wp-json\/wp\/v2\/pages\/75\/revisions"}],"predecessor-version":[{"id":78,"href":"https:\/\/kantorjanosi.reformatus.hu\/iskola\/wp-json\/wp\/v2\/pages\/75\/revisions\/78"}],"wp:attachment":[{"href":"https:\/\/kantorjanosi.reformatus.hu\/iskola\/wp-json\/wp\/v2\/media?parent=75"}],"curies":[{"name":"wp","href":"https:\/\/api.w.org\/{rel}","templated":true}]}}