{"id":1963,"date":"2025-09-04T07:22:07","date_gmt":"2025-09-04T07:22:07","guid":{"rendered":"https:\/\/kantorjanosi.reformatus.hu\/iskola\/?page_id=1963"},"modified":"2025-09-04T07:26:14","modified_gmt":"2025-09-04T07:26:14","slug":"okoiskola","status":"publish","type":"page","link":"https:\/\/kantorjanosi.reformatus.hu\/iskola\/okoiskola\/","title":{"rendered":"\u00d6koiskola program megval\u00f3s\u00edt\u00e1sa"},"content":{"rendered":"\n<p>A tartalom szerkeszt\u00e9s alatt&#8230;<\/p>\n","protected":false},"excerpt":{"rendered":"<p>A tartalom szerkeszt\u00e9s alatt&#8230;<\/p>\n","protected":false},"author":4,"featured_media":0,"parent":0,"menu_order":0,"comment_status":"closed","ping_status":"closed","template":"","meta":{"footnotes":""},"_links":{"self":[{"href":"https:\/\/kantorjanosi.reformatus.hu\/iskola\/wp-json\/wp\/v2\/pages\/1963"}],"collection":[{"href":"https:\/\/kantorjanosi.reformatus.hu\/iskola\/wp-json\/wp\/v2\/pages"}],"about":[{"href":"https:\/\/kantorjanosi.reformatus.hu\/iskola\/wp-json\/wp\/v2\/types\/page"}],"author":[{"embeddable":true,"href":"https:\/\/kantorjanosi.reformatus.hu\/iskola\/wp-json\/wp\/v2\/users\/4"}],"replies":[{"embeddable":true,"href":"https:\/\/kantorjanosi.reformatus.hu\/iskola\/wp-json\/wp\/v2\/comments?post=1963"}],"version-history":[{"count":3,"href":"https:\/\/kantorjanosi.reformatus.hu\/iskola\/wp-json\/wp\/v2\/pages\/1963\/revisions"}],"predecessor-version":[{"id":1974,"href":"https:\/\/kantorjanosi.reformatus.hu\/iskola\/wp-json\/wp\/v2\/pages\/1963\/revisions\/1974"}],"wp:attachment":[{"href":"https:\/\/kantorjanosi.reformatus.hu\/iskola\/wp-json\/wp\/v2\/media?parent=1963"}],"curies":[{"name":"wp","href":"https:\/\/api.w.org\/{rel}","templated":true}]}}