{"id":84,"date":"2019-11-25T22:14:19","date_gmt":"2019-11-25T22:14:19","guid":{"rendered":"https:\/\/kantorjanosi.reformatus.hu\/gyulekezet\/?page_id=84"},"modified":"2019-11-25T22:14:19","modified_gmt":"2019-11-25T22:14:19","slug":"kapcsolat","status":"publish","type":"page","link":"https:\/\/kantorjanosi.reformatus.hu\/gyulekezet\/kapcsolat\/","title":{"rendered":"Kapcsolat"},"content":{"rendered":"\n<p>Lelk\u00e9sz: Sink\u00f3-P\u00e1ricsi Babett<\/p>\n\n\n\n<p>Telefonsz\u00e1m: 0630-639-6852<\/p>\n\n\n\n<p>&nbsp;E-mail c\u00edm: kantorjanosi-nyirderzs@reformatus .hu<\/p>\n\n\n\n<p>&nbsp;Az Egyh\u00e1zk\u00f6zs\u00e9g Sz\u00e1mlasz\u00e1ma :&nbsp; 10918001-00000021-80620018<\/p>\n","protected":false},"excerpt":{"rendered":"<p>Lelk\u00e9sz: Sink\u00f3-P\u00e1ricsi Babett Telefonsz\u00e1m: 0630-639-6852 &nbsp;E-mail c\u00edm: kantorjanosi-nyirderzs@reformatus .hu &nbsp;Az Egyh\u00e1zk\u00f6zs\u00e9g Sz\u00e1mlasz\u00e1ma :&nbsp; 10918001-00000021-80620018<\/p>\n","protected":false},"author":1,"featured_media":0,"parent":0,"menu_order":0,"comment_status":"closed","ping_status":"closed","template":"","meta":{"footnotes":""},"_links":{"self":[{"href":"https:\/\/kantorjanosi.reformatus.hu\/gyulekezet\/wp-json\/wp\/v2\/pages\/84"}],"collection":[{"href":"https:\/\/kantorjanosi.reformatus.hu\/gyulekezet\/wp-json\/wp\/v2\/pages"}],"about":[{"href":"https:\/\/kantorjanosi.reformatus.hu\/gyulekezet\/wp-json\/wp\/v2\/types\/page"}],"author":[{"embeddable":true,"href":"https:\/\/kantorjanosi.reformatus.hu\/gyulekezet\/wp-json\/wp\/v2\/users\/1"}],"replies":[{"embeddable":true,"href":"https:\/\/kantorjanosi.reformatus.hu\/gyulekezet\/wp-json\/wp\/v2\/comments?post=84"}],"version-history":[{"count":1,"href":"https:\/\/kantorjanosi.reformatus.hu\/gyulekezet\/wp-json\/wp\/v2\/pages\/84\/revisions"}],"predecessor-version":[{"id":85,"href":"https:\/\/kantorjanosi.reformatus.hu\/gyulekezet\/wp-json\/wp\/v2\/pages\/84\/revisions\/85"}],"wp:attachment":[{"href":"https:\/\/kantorjanosi.reformatus.hu\/gyulekezet\/wp-json\/wp\/v2\/media?parent=84"}],"curies":[{"name":"wp","href":"https:\/\/api.w.org\/{rel}","templated":true}]}}