{"id":144,"date":"2019-11-25T22:58:34","date_gmt":"2019-11-25T22:58:34","guid":{"rendered":"https:\/\/kantorjanosi.reformatus.hu\/gyulekezet\/?page_id=144"},"modified":"2019-11-25T22:58:34","modified_gmt":"2019-11-25T22:58:34","slug":"berekfurdo-2013","status":"publish","type":"page","link":"https:\/\/kantorjanosi.reformatus.hu\/gyulekezet\/berekfurdo-2013\/","title":{"rendered":"Berekf\u00fcrd\u0151 2013"},"content":{"rendered":"\n<p>Okt\u00f3ber 14-18. k\u00f6z\u00f6tt Berekf\u00fcrd\u0151n, egy Csendesheten vett r\u00e9szt gy\u00fclekezet\u00fcnk egy lelkes kis csapata.<\/p>\n\n\n\n<p>A K\u00e1ntorj\u00e1nosi \u00e9s Hod\u00e1szi gy\u00fclekezet k\u00f6z\u00f6s busszal v\u00e1gott neki a nagy \u00fatnak, melyre az \u0150ri gy\u00fclekezet n\u00e9h\u00e1ny tagj\u00e1t is elvitt\u00e9k. Az \u00e9lm\u00e9nyek t\u00e1rh\u00e1za nagyon gazdag. A besz\u00e1mol\u00f3k \u00e9rdekesek, \u00e9s j\u00f3kedvel tel\u00edtettek, \u00f3r\u00e1k hosszat lehetne sorolni.<\/p>\n\n\n\n<p>A nap minden reggel \u00e1h\u00edtattal kezd\u0151d\u00f6tt (term\u00e9szetesen a reggeli ut\u00e1n), melyet el\u0151ad\u00e1sok k\u00f6vettek. D\u00e9lut\u00e1nonk\u00e9nt strandol\u00e1s volt, persze csak akkor, ha az id\u0151 is engedte. Erre is volt p\u00e9lda, olyankor k\u00f6z\u00f6s besz\u00e9lget\u00e9sek, programok seg\u00edtettek abban, hogy mindenki j\u00f3l \u00e9rezze mag\u00e1t.<\/p>\n\n\n\n<p>Vacsora ut\u00e1n ki-ki nyugov\u00f3ra t\u00e9rt, de \u00f6r\u00f6kifj\u00fa tagjaink ism\u00e9t fiatal h\u00e9vvel v\u00e1gtak neki az \u00e9jszak\u00e1nak, melynek tal\u00e1n senki sem tudja, mikor is volt v\u00e9ge. Na de ne gondoljunk rosszra. Ez alatt a felh\u0151tlen sz\u00f3rakoz\u00e1st, nevet\u00e9st, k\u00f6z\u00f6s egy\u00fctt l\u00e9tet kell \u00e9rteni. Minden este m\u00e1s szob\u00e1ban volt az &#8222;esti \u00f6sszej\u00f6vetel&#8221;.&nbsp;<\/p>\n\n\n\n<p>Mindenki kikapcsol\u00f3dva, felt\u0151lt\u0151dve indult haza. A &#8222;kis csapat&#8221; tagjait, ha b\u00e1rki megk\u00e9rdezn\u00e9, hogy j\u00f6v\u0151re menni fognak-e, szerintem egyhang\u00fa IGEN lenne a v\u00e1lasz.<\/p>\n\n\n\n<p>Isten segedelm\u00e9vel j\u00f6v\u0151 \u00f6sszel is megrendez\u00e9sre ker\u00fcl a csendesh\u00e9t.<\/p>\n\n\n\n<p>A k\u00e9peket alul megtal\u00e1lhatj\u00e1k.<\/p>\n\n\n\n<figure class=\"wp-block-image\"><img decoding=\"async\" src=\"https:\/\/honlap.parokia.hu\/data\/gallery\/3308\/pic_p1010146.jpg\" alt=\"\"\/><\/figure>\n","protected":false},"excerpt":{"rendered":"<p>Okt\u00f3ber 14-18. k\u00f6z\u00f6tt Berekf\u00fcrd\u0151n, egy Csendesheten vett r\u00e9szt gy\u00fclekezet\u00fcnk egy lelkes kis csapata. A K\u00e1ntorj\u00e1nosi \u00e9s Hod\u00e1szi gy\u00fclekezet k\u00f6z\u00f6s busszal v\u00e1gott neki a nagy \u00fatnak, melyre az \u0150ri gy\u00fclekezet n\u00e9h\u00e1ny tagj\u00e1t is elvitt\u00e9k. Az \u00e9lm\u00e9nyek t\u00e1rh\u00e1za nagyon gazdag. A besz\u00e1mol\u00f3k [&hellip;]<\/p>\n","protected":false},"author":1,"featured_media":0,"parent":0,"menu_order":0,"comment_status":"closed","ping_status":"closed","template":"","meta":{"footnotes":""},"_links":{"self":[{"href":"https:\/\/kantorjanosi.reformatus.hu\/gyulekezet\/wp-json\/wp\/v2\/pages\/144"}],"collection":[{"href":"https:\/\/kantorjanosi.reformatus.hu\/gyulekezet\/wp-json\/wp\/v2\/pages"}],"about":[{"href":"https:\/\/kantorjanosi.reformatus.hu\/gyulekezet\/wp-json\/wp\/v2\/types\/page"}],"author":[{"embeddable":true,"href":"https:\/\/kantorjanosi.reformatus.hu\/gyulekezet\/wp-json\/wp\/v2\/users\/1"}],"replies":[{"embeddable":true,"href":"https:\/\/kantorjanosi.reformatus.hu\/gyulekezet\/wp-json\/wp\/v2\/comments?post=144"}],"version-history":[{"count":1,"href":"https:\/\/kantorjanosi.reformatus.hu\/gyulekezet\/wp-json\/wp\/v2\/pages\/144\/revisions"}],"predecessor-version":[{"id":145,"href":"https:\/\/kantorjanosi.reformatus.hu\/gyulekezet\/wp-json\/wp\/v2\/pages\/144\/revisions\/145"}],"wp:attachment":[{"href":"https:\/\/kantorjanosi.reformatus.hu\/gyulekezet\/wp-json\/wp\/v2\/media?parent=144"}],"curies":[{"name":"wp","href":"https:\/\/api.w.org\/{rel}","templated":true}]}}