{"id":135,"date":"2019-11-25T22:53:00","date_gmt":"2019-11-25T22:53:00","guid":{"rendered":"https:\/\/kantorjanosi.reformatus.hu\/gyulekezet\/?page_id=135"},"modified":"2021-04-03T17:45:35","modified_gmt":"2021-04-03T17:45:35","slug":"konfirmandus-talalkozo-2012","status":"publish","type":"page","link":"https:\/\/kantorjanosi.reformatus.hu\/gyulekezet\/konfirmandus-talalkozo-2012\/","title":{"rendered":"Konfirmandus Tal\u00e1lkoz\u00f3 2012"},"content":{"rendered":"\n<p>Egyh\u00e1zk\u00f6zs\u00e9g\u00fcnk 2012-ben el\u0151sz\u00f6r szervezte meg a Jubileumi Konfirmandus Tal\u00e1lkoz\u00f3t, ahol az 50 \u00e9s 25 \u00e9ve konfirm\u00e1ltakat k\u00f6sz\u00f6nt\u00f6tt\u00fck. Ebb\u0151l l\u00e1thatunk egy pillanatk\u00e9pet.<\/p>\n\n\n\n<figure class=\"wp-block-image\"><img decoding=\"async\" src=\"https:\/\/honlap.parokia.hu\/data\/gallery\/3308\/pic_p1080457.jpg\" alt=\"\"\/><\/figure>\n\n\n\n<p>A Tal\u00e1lkoz\u00f3 keret\u00e9n bel\u00fcl a Gy\u00fclekezet\u00fcnk k\u00f6sz\u00f6nt\u00f6tte F\u00f6ldv\u00e1ri Imre K\u00e1ntor Urat, aki 61 \u00e9vet szolg\u00e1lt gy\u00fclekezt\u00fcnkben.<\/p>\n\n\n\n<figure class=\"wp-block-image\"><img decoding=\"async\" src=\"https:\/\/honlap.parokia.hu\/data\/gallery\/3308\/pic_p1080468.jpg\" alt=\"\"\/><\/figure>\n\n\n\n<figure class=\"wp-block-embed-youtube wp-block-embed is-type-video is-provider-youtube wp-embed-aspect-4-3 wp-has-aspect-ratio\"><div class=\"wp-block-embed__wrapper\">\n<iframe loading=\"lazy\" title=\"Konfirmandus Tal\u00e1lkoz\u00f3 K\u00e1ntorj\u00e1nosi\" width=\"750\" height=\"563\" src=\"https:\/\/www.youtube.com\/embed\/PfIzKwPTVss?feature=oembed\" frameborder=\"0\" allow=\"accelerometer; autoplay; clipboard-write; encrypted-media; gyroscope; picture-in-picture\" allowfullscreen><\/iframe>\n<\/div><\/figure>\n","protected":false},"excerpt":{"rendered":"<p>Egyh\u00e1zk\u00f6zs\u00e9g\u00fcnk 2012-ben el\u0151sz\u00f6r szervezte meg a Jubileumi Konfirmandus Tal\u00e1lkoz\u00f3t, ahol az 50 \u00e9s 25 \u00e9ve konfirm\u00e1ltakat k\u00f6sz\u00f6nt\u00f6tt\u00fck. Ebb\u0151l l\u00e1thatunk egy pillanatk\u00e9pet. A Tal\u00e1lkoz\u00f3 keret\u00e9n bel\u00fcl a Gy\u00fclekezet\u00fcnk k\u00f6sz\u00f6nt\u00f6tte F\u00f6ldv\u00e1ri Imre K\u00e1ntor Urat, aki 61 \u00e9vet szolg\u00e1lt gy\u00fclekezt\u00fcnkben.<\/p>\n","protected":false},"author":1,"featured_media":0,"parent":0,"menu_order":0,"comment_status":"closed","ping_status":"closed","template":"","meta":{"footnotes":""},"_links":{"self":[{"href":"https:\/\/kantorjanosi.reformatus.hu\/gyulekezet\/wp-json\/wp\/v2\/pages\/135"}],"collection":[{"href":"https:\/\/kantorjanosi.reformatus.hu\/gyulekezet\/wp-json\/wp\/v2\/pages"}],"about":[{"href":"https:\/\/kantorjanosi.reformatus.hu\/gyulekezet\/wp-json\/wp\/v2\/types\/page"}],"author":[{"embeddable":true,"href":"https:\/\/kantorjanosi.reformatus.hu\/gyulekezet\/wp-json\/wp\/v2\/users\/1"}],"replies":[{"embeddable":true,"href":"https:\/\/kantorjanosi.reformatus.hu\/gyulekezet\/wp-json\/wp\/v2\/comments?post=135"}],"version-history":[{"count":3,"href":"https:\/\/kantorjanosi.reformatus.hu\/gyulekezet\/wp-json\/wp\/v2\/pages\/135\/revisions"}],"predecessor-version":[{"id":656,"href":"https:\/\/kantorjanosi.reformatus.hu\/gyulekezet\/wp-json\/wp\/v2\/pages\/135\/revisions\/656"}],"wp:attachment":[{"href":"https:\/\/kantorjanosi.reformatus.hu\/gyulekezet\/wp-json\/wp\/v2\/media?parent=135"}],"curies":[{"name":"wp","href":"https:\/\/api.w.org\/{rel}","templated":true}]}}